t). Is z(0) a composite number?
True
Let u be 10/30*-21 - (0 - -1). Is 3*(-438 + u)/(12/(-2)) a composite number?
False
Suppose 5*i - 5*t = 265, 4*t - 8*t = -2*i + 108. Suppose -59*x + 25613 = -i*x. Is x composite?
False
Suppose 2021993 = 657*f - 554*f. Is f composite?
True
Suppose -82*y - 5*o + 1571445 = -77*y, 0 = y + 3*o - 314285. Is y a composite number?
True
Suppose v = 4*h + 17 - 6, -v - 4*h + 43 = 0. Suppose 0 = 3*g + 5*r - 42454, g + 30*r = v*r + 14158. Is g a composite number?
False
Let m = -36 - -41. Suppose m*h - 64 = -3*h. Is 2227/4 - (0 - 2/h) composite?
False
Suppose 0*v + 3*z = 2*v - 11609, 17436 = 3*v + 3*z. Suppose -1117*c + 6656 = -1115*c. Let p = v - c. Is p a prime number?
False
Is (343302 - 4*(-2)/4) + (-1 - 0) prime?
True
Let k(y) = -y**2 + 3*y. Let o be k(2). Suppose 460 - 1350 = -o*v. Is v prime?
False
Suppose 3*g - 3 = 0, 4*o - 2*o = -5*g + 3. Is 1703 + (-18)/(6/o) - -3 a composite number?
False
Let k be (-22)/66 + (-2)/(-6). Let g(p) = p**2 - p + 3. Let c be g(k). Is -6 + 261 - (c + 1) composite?
False
Let o(y) be the second derivative of 148*y**3/3 + 3*y**2/2 + 29*y + 1. Let z = 19 + -18. Is o(z) composite?
True
Suppose -5*f + 5 = 0, -2*w = -0*f + 2*f - 220. Let i = w + -111. Is 0 - (-2454)/4 - i/(-4) a composite number?
False
Let z = -399 + 402. Suppose y + 21883 = o - z*y, -2*o - 2*y = -43776. Is o a prime number?
False
Suppose 0 = -2*q + h - 4, -2*h + 9 - 1 = -5*q. Suppose q = -17*l - 15*l + 597216. Is l a composite number?
True
Is 348/(-754) + 12320294/26 a prime number?
True
Let c(v) = 7216*v**2 - 27*v - 56. Is c(-3) prime?
True
Suppose -424711 = -5*s + 4*h, 6*h = -s + 3*h + 84946. Is s a prime number?
False
Suppose 2*c + 3*o = -3981, 5*c + 1051 = o - 8859. Let d(m) = 290*m + 1014. Let f be d(7). Let h = c + f. Is h a prime number?
True
Let j = 25061 + -16544. Suppose -5*a + 17031 = 2*r, 6*r - j = 5*r - 4*a. Is r prime?
True
Let x = 940581 - 537362. Is x prime?
True
Suppose 4*a - 5*x = 21563, -17*a + 5*x - 16216 = -20*a. Is a - (-3 - 4*(-1)/(-4)) a composite number?
True
Suppose 2*r = -300*y + 304*y - 204836, -y - r = -51209. Is y a composite number?
True
Let x(i) = -7 + 4*i**2 + 166*i**3 - i**2 - 149*i**3 - 6*i. Is x(6) prime?
False
Suppose -15 = 3*c, -5*k = -2*c + c + 17070. Is 5 + k/((-6)/4 - -1) a prime number?
False
Let y(q) = 370*q + 2503. Is y(12) prime?
False
Suppose -2202 = 4*s - 7098. Suppose -4*a + 4*z + 524 = -s, 4*z = a - 431. Is a a prime number?
True
Let b(d) = 155423*d + 33. Is b(2) a prime number?
False
Suppose -8*j + 7*j = -18*j + 359363. Is j prime?
True
Is (-17)/(-51)*-6*(-58681 + 2) a prime number?
False
Suppose 2*y + 2*y = -2*o + 322, -2*y + 191 = -5*o. Let m = y + -74. Suppose -7340 = m*a - 13*a. Is a a prime number?
False
Suppose 17*b - 13204 = 5581. Let k = b - -256. Is k composite?
False
Suppose 0 = 5*t + 4*f - 9124, -3*f - 1840 = 3*t - 4*t. Suppose t - 9217 = -3*q. Is q a prime number?
False
Let n be 11/(-7) - 9/21. Let r be (n - -4 - 0)*3998/4. Suppose 3*t - r = p, 2*t - 5*p + 300 = 1624. Is t prime?
False
Let z = 110008 - 28340. Suppose 5*y - z = -22783. Is y prime?
True
Suppose 6*t - 5702 = 4*t. Suppose -2*g = -3*l + t, 0*g + 3*l = 3*g + 4278. Let c = g + 2096. Is c a prime number?
False
Let n(w) = -w**3 - w - 2399. Let d be n(0). Suppose -2*m = 4*v + 2400, -148*m + 153*m = 3*v - 6000. Let b = m - d. Is b prime?
False
Suppose q - z - 4 = 0, -2*z = z. Suppose -2531 = -q*u - 5*o, -2*u + 4*o + 1246 = -0*o. Is u a prime number?
False
Let t(m) = 38217*m + 1928. Is t(9) a prime number?
True
Let l be (0/(-3))/(-8*(-3)/12). Suppose l = 30*v - 43026 - 38664. Is v a prime number?
False
Let s = 183 - 102. Let v = s + -62. Suppose -140 = -n + v. Is n a prime number?
False
Let f be 8540/(-15) + (-2)/3. Suppose -19*c = -20*c - 391. Let d = c - f. Is d a prime number?
True
Let a be ((3 - 2)*-1)/(1/25). Is (-125)/a - -4*162 a composite number?
False
Let d(c) = 29*c - 17. Let z be d(35). Let b = z + 321. Is b a prime number?
True
Let f(v) = -v**3 + 5*v**2 + 7*v. Let z be f(6). Suppose -2*r + 5*a - z = -0*r, -15 = 5*r - 3*a. Let i(k) = -3*k**3 + 3*k**2 + 5*k + 1. Is i(r) a prime number?
False
Suppose -22*l = l - 71507. Suppose 14*k - l = 13*k. Is k composite?
False
Let x(l) = 408*l - 743. Is x(14) composite?
False
Let j(f) = -40*f**2 - 12*f - 17. Let y be j(-9). Let g = 1722 - y. Is g a composite number?
False
Let v(s) = 41*s - 455. Let q be v(11). Let x(c) = -170*c - 15. Let o(i) = 171*i + 16. Let u(y) = 2*o(y) + 3*x(y). Is u(q) composite?
False
Let n be (10 + 9376201)*((-8)/(-4) - 0). Is n/390 - 2/15 a prime number?
False
Let q be -1 + (-24)/(-20)*(-5)/(-2). Suppose -5*f - 3904 + 617 = 4*j, -3*f + 1671 = -q*j. Let o = 2909 + j. Is o a prime number?
True
Suppose 2*m - m = 1922. Let k = -5796 + 4457. Let n = m + k. Is n composite?
True
Suppose 2*t = 6*t - g - 1536216, 0 = 3*t + g - 1152169. Suppose 0 = -14*q + 7*q + t. Is q a prime number?
False
Let f be 2/8*2*2. Let r = 68 + -71. Is (3 + -4)*f*149*r prime?
False
Let x(a) = -2*a**2 + 19*a + 38. Let d be x(11). Suppose -38371 = 5*m + 5*c - 171281, d*c - 26562 = -m. Is m prime?
False
Let b = 229 - 224. Let a be 2/9 - (-43)/9. Suppose a*z = -b*m + 1375, -4*m - 279 = -z - 3*m. Is z composite?
False
Let r = 32702 - -113859. Is r composite?
True
Let j = 195389 + -35412. Is j prime?
True
Let m(d) = -11*d**2 + 19*d + 50. Let z(q) = 6*q**2 - 10*q - 25. Let p(k) = -3*k + 47. Let g be p(17). Let a(s) = g*m(s) - 7*z(s). Is a(-9) composite?
False
Suppose 9*o + 21 = 84. Suppose o = -2*t + 13. Suppose t*v - 310 = 245. Is v a prime number?
False
Let x = -55218 - -113713. Is x composite?
True
Suppose 3*o = -5*s + 9*s - 520012, -5*o = -4*s + 520012. Is s a composite number?
False
Suppose -6*g + 5*g = 32. Let b = -29 - g. Suppose -b*z = -8*z + 1030. Is z a prime number?
False
Suppose 240398 = 2*n + 3*t, -5*n - t - 86225 = -687194. Is n composite?
False
Let u be (-2)/(-28)*-4 + (-298)/(-14). Suppose -26*t + 9085 = -u*t. Is t a prime number?
False
Let v(z) = -z**3 - 7*z**2 + 7*z - 1. Let b be v(-8). Suppose 2 - b = 5*l, 5*n - 4*l = 2009. Is n a prime number?
True
Suppose -4*i = 4 - 4. Let a be (-2 + i)*(-16 - -15). Is ((-11225)/(-50))/(a/4) prime?
True
Suppose 4*y + 42 = 5*r, -4*r + 12 = -2*r - 4*y. Let j(u) be the third derivative of -u**6/120 + u**5/6 + u**4/8 - 11*u**3/6 - 123*u**2. Is j(r) composite?
False
Let b be 0 - ((-6957)/(-18) + -4 + 2/4). Let p(k) = -165*k - 5. Let z be p(-5). Let j = b + z. Is j prime?
False
Let c(n) = 3*n**2 - 3*n + 2. Let o be c(1). Let b be ((-8072)/(-28) - o) + (-4)/14. Let i = 447 + b. Is i composite?
False
Suppose 82*p + 17*p = 9334809. Is p composite?
False
Suppose -455*c = -30426934 - 35139931. Is c a composite number?
False
Suppose -48*x = -3*b - 51*x + 614445, -5*b - 4*x = -1024074. Is b composite?
True
Let c be 2/(-3) - (-219597)/63. Suppose -4*z = -71 - c. Is z a prime number?
False
Let t = -16 + 13. Let y be (-1 - -2)*(-15)/t. Suppose y*m + d - 50 = 2*d, -2*d = 2*m - 32. Is m composite?
False
Let t = 112939 - -37192. Is t composite?
False
Let a = -233 - -234. Let t(o) = 1929*o**2 + 2*o. Is t(a) composite?
False
Let m = -696 + 701. Suppose 2*q + 5*n - 237 = 0, -465 = -m*q - 3*n + 99. Is q composite?
True
Suppose 3*k = 8*p - 3*p + 4125, -k = -2*p - 1650. Let j = p - -1767. Let l = j - -641. Is l composite?
False
Suppose -56*k + 21465 = -47*k. Suppose -k = 395*v - 404*v. Is v composite?
True
Let k = 138424 - 49435. Is k composite?
True
Let l be (-5)/(1 + 4)*-7325. Let r = l - 4459. Suppose 0 = d - 3*z - 1214, 0 = -2*d + 5*z - 439 + r. Is d composite?
True
Let y(l) = 3 - 2 + 0*l + 29*l**2 + 0*l. Let w be y(4). Let m = 847 - w. Is m prime?
False
Let d(c) be the first derivative of -17*c**4/2 - 2*c**3/3 + 6*c**2 + 5*c + 112. Is d(-4) composite?
True
Let b(n) = -8746*n + 2105. Is b(-11) composite?
True
Let l(b) = -2523*b**3 - 38*b**2 - 73*b - 1. Is l(-2) prime?
True
Suppose -14*o = 631838 - 4075894. Suppose 24*j - o = -20*j. Is j composite?
False
Let w(a) = -4976*a + 413. Is w(-6) composite?
False
Let l = 48809 - 27936. Is l prime?
True
Suppose 105018 - 19626 = 6*p. Suppose -p = -4*o + w, -17*w + 13*w = 4*o - 14212. Is o prime?
True
Let d(p) = 1 + 5 - 9 + p. Let s be d(-3). Is ((-3556)/s)/((-2)/(-3)) composite?
True
Let q(w) = 151